hat is the remainder when 4198887 is divided by 402?
399
Calculate the remainder when 376843909 is divided by 17.
13
Calculate the remainder when 10686701 is divided by 763335.
11
What is the remainder when 643776 is divided by 18393?
21
What is the remainder when 11788688 is divided by 953?
78
Calculate the remainder when 19473056 is divided by 3700.
3656
Calculate the remainder when 1883468 is divided by 117689.
444
Calculate the remainder when 1117350 is divided by 133.
17
What is the remainder when 3697260 is divided by 3215?
10
What is the remainder when 217788230 is divided by 212?
206
Calculate the remainder when 50111698 is divided by 1549.
1548
What is the remainder when 40823 is divided by 1945?
1923
What is the remainder when 313667127 is divided by 1813?
1810
What is the remainder when 559869 is divided by 1343?
1181
Calculate the remainder when 5951416 is divided by 330634.
4
Calculate the remainder when 86339 is divided by 2887.
2616
What is the remainder when 3471780 is divided by 578603?
162
Calculate the remainder when 7983233 is divided by 7983135.
98
What is the remainder when 115516166 is divided by 124?
122
What is the remainder when 1283685 is divided by 22?
7
What is the remainder when 19733146 is divided by 642?
634
Calculate the remainder when 490618 is divided by 5393.
5248
Calculate the remainder when 41038 is divided by 5774.
620
What is the remainder when 1126514 is divided by 48?
2
Calculate the remainder when 36793 is divided by 445.
303
Calculate the remainder when 18599170 is divided by 2740.
50
What is the remainder when 117267 is divided by 4691?
4683
What is the remainder when 512569 is divided by 228?
25
Calculate the remainder when 386700 is divided by 6783.
69
What is the remainder when 214243 is divided by 1311?
550
What is the remainder when 140578 is divided by 140451?
127
What is the remainder when 21588924 is divided by 385?
49
Calculate the remainder when 42965175 is divided by 654.
645
What is the remainder when 738633 is divided by 738435?
198
What is the remainder when 1228964 is divided by 1628?
1452
Calculate the remainder when 96838 is divided by 10359.
3607
What is the remainder when 1052447 is divided by 3320?
7
Calculate the remainder when 61724913 is divided by 162.
159
Calculate the remainder when 3077490 is divided by 2136.
1650
What is the remainder when 175811 is divided by 11432?
4331
Calculate the remainder when 6719306 is divided by 2239745.
71
What is the remainder when 1077359 is divided by 269326?
55
Calculate the remainder when 395839 is divided by 2287.
188
Calculate the remainder when 9186 is divided by 1530.
6
Calculate the remainder when 120666369 is divided by 23.
20
Calculate the remainder when 11641 is divided by 553.
28
What is the remainder when 808372 is divided by 3744?
3412
Calculate the remainder when 60070840 is divided by 69.
61
What is the remainder when 70591 is divided by 3957?
3322
Calculate the remainder when 55244 is divided by 4245.
59
Calculate the remainder when 2096452 is divided by 22.
6
Calculate the remainder when 118571906 is divided by 3487408.
34
What is the remainder when 132469 is divided by 11332?
7817
Calculate the remainder when 472231 is divided by 728.
487
What is the remainder when 63736722 is divided by 158?
154
Calculate the remainder when 32809468 is divided by 44.
32
Calculate the remainder when 566104 is divided by 8087.
14
What is the remainder when 577158477 is divided by 9?
6
Calculate the remainder when 7149532 is divided by 129.
94
Calculate the remainder when 93686 is divided by 2130.
2096
Calculate the remainder when 4737114 is divided by 2808.
18
Calculate the remainder when 470885 is divided by 969.
920
What is the remainder when 519576 is divided by 139?
133
What is the remainder when 425002248 is divided by 961?
959
What is the remainder when 147952 is divided by 85?
52
What is the remainder when 3386176 is divided by 1693031?
114
What is the remainder when 1338387 is divided by 3306?
2763
What is the remainder when 606568 is divided by 448?
424
What is the remainder when 772101 is divided by 1381?
122
Calculate the remainder when 75699677 is divided by 113.
73
What is the remainder when 1967582 is divided by 178865?
67
What is the remainder when 31952939 is divided by 31952900?
39
What is the remainder when 156676 is divided by 155356?
1320
What is the remainder when 64666114 is divided by 22?
18
What is the remainder when 931961244 is divided by 306?
300
Calculate the remainder when 959821 is divided by 200.
21
Calculate the remainder when 9446109 is divided by 12748.
12589
What is the remainder when 697116 is divided by 986?
14
Calculate the remainder when 144035 is divided by 71448.
1139
What is the remainder when 1780877 is divided by 534?
521
Calculate the remainder when 11050384 is divided by 7157.
7133
What is the remainder when 15711685 is divided by 4796?
4785
What is the remainder when 4270817 is divided by 4270817?
0
What is the remainder when 3694943 is divided by 127?
5
Calculate the remainder when 67722 is divided by 13244.
1502
Calculate the remainder when 34725080 is divided by 236225.
5
Calculate the remainder when 318621374 is divided by 116.
114
What is the remainder when 2067586 is divided by 4007?
3981
What is the remainder when 36378 is divided by 6064?
6058
Calculate the remainder when 103242973 is divided by 25.
23
Calculate the remainder when 963653 is divided by 137664.
5
Calculate the remainder when 18871304 is divided by 3774246.
74
What is the remainder when 5043895 is divided by 630479?
63
What is the remainder when 24441136 is divided by 66962?
6
Calculate the remainder when 102056063 is divided by 8229.
5
Calculate the remainder when 755488724 is divided by 6.
2
What is the remainder when 4557970 is divided by 1702?
14
What is the remainder when 160658 is divided by 194?
26
Calculate the remainder when 14359 is divided by 3581.
35
Calculate the remainder when 1427921 is divided by 89245.
1
What is the remainder when 14746222 is divided by 458?
454
Calculate the remainder when 6316867 is divided by 2542.
2539
Calculate the remainder when 322957 is divided by 23068.
5
What is the remainder when 18018068 is divided by 177?
176
What is the remainder when 337082 is divided by 862?
40
What is the remainder when 10759138 is divided by 2987?
2951
What is the remainder when 84441 is divided by 906?
183
What is the remainder when 6426634 is divided by 74?
30
What is the remainder when 3118771 is divided by 84291?
4
Calculate the remainder when 3009809 is divided by 231520.
49
What is the remainder when 20081261 is divided by 14?
11
Calculate the remainder when 39687 is divided by 1078.
879
What is the remainder when 4359 is divided by 1979?
401
What is the remainder when 1383828 is divided by 49?
19
What is the remainder when 9458374 is divided by 125?
124
Calculate the remainder when 20442854 is divided by 5110684.
118
What is the remainder when 1822346551 is divided by 13?
12
What is the remainder when 178521 is divided by 167?
165
What is the remainder when 30880642 is divided by 942?
940
What is the remainder when 7705453 is divided by 4997?
79
Calculate the remainder when 2458208 is divided by 2545.
2283
Calculate the remainder when 11893197 is divided by 629.
65
What is the remainder when 167904 is divided by 1905?
264
Calculate the remainder when 2917219 is divided by 141.
70
Calculate the remainder when 1050684 is divided by 1330.
1314
Calculate the remainder when 37462686 is divided by 176.
30
What is the remainder when 4014797 is divided by 669115?
107
Calculate the remainder when 9807 is divided by 4422.
963
What is the remainder when 614011 is divided by 128?
123
What is the remainder when 26739 is divided by 24?
3
Calculate the remainder when 105063 is divided by 21005.
38
Calculate the remainder when 290581 is divided by 72628.
69
Calculate the remainder when 3529719 is divided by 768.
759
What is the remainder when 8791127 is divided by 203?
9
What is the remainder when 88192 is divided by 953?
516
Calculate the remainder when 690596 is divided by 12.
8
Calculate the remainder when 1292966 is divided by 32320.
166
What is the remainder when 2890930 is divided by 1546?
1456
What is t